5)?
2, 3, 7, 13
What are the prime factors of (-19)/(-38) + 5094/4?
2, 7, 13
Suppose 5 = 4*r - 11. Suppose -u + 36 - 12 = r*a, 2*u + 17 = 5*a. Let y(p) = 2*p - 6. List the prime factors of y(u).
2
Suppose -3*t + 0 = -15. Suppose t*q - 6*q + 6 = 0. List the prime factors of (-7 + -1)*(-3)/q.
2
Let h(k) = -72*k - 49. List the prime factors of h(-4).
239
Let s = 11 + -7. Suppose u + 2*v - 403 = -2*u, -s = v. What are the prime factors of u?
137
Suppose 2*c + 24 - 22 = 0, 2*c - 661 = -i. What are the prime factors of i?
3, 13, 17
Let o be (8/(-28))/(1/(-49)). Suppose o*n + 141 = 17*n. List the prime factors of n.
47
Let a(r) = -16*r - 7. Let o be a(3). Let n = o + 91. List the prime factors of n.
2, 3
Let w be ((-30)/4)/((-9)/240). Suppose 3*k - 7*k = -20. Suppose -k*t = 2*a - w, 2*t - a - 57 - 23 = 0. List the prime factors of t.
2, 5
Let n(i) = 16*i**2 - 90*i + 46. Let x(t) = 3*t**2 - 18*t + 9. Let u(r) = 2*n(r) - 11*x(r). Let h be u(17). List the prime factors of (12/h)/((-6)/(-135)).
3
Let h(n) = -n**3 - 12*n**2 - 16*n - 56. What are the prime factors of h(-14)?
2, 5, 7
Let w = -942 + 1720. What are the prime factors of w?
2, 389
Suppose 5*q = 2*b - 2 - 22, 43 = 5*b - 4*q. Suppose -8 = -5*l + b. What are the prime factors of ((-2)/l)/(3/(-351))?
2, 3, 13
Suppose 4*z - 12 = -5*t, 4*t = 5*z - 0*z - 15. List the prime factors of (-2)/z*138/(-4).
23
Suppose 0 = 2*j - 3 + 5. What are the prime factors of 11 - j/2*2?
2, 3
Let r(g) = 2*g**2 + 2*g - 1. Let o be r(-2). What are the prime factors of 124 - 7 - 3/(o/(-4))?
11
Let h be 3/6 - 45/(-6). Let l = -3 + h. Suppose -21 = -q - n, -3*q + 6*q + l*n - 61 = 0. What are the prime factors of q?
2, 11
Let h(u) = -2*u**3 - 3*u - 2. Let n be h(-2). Suppose n*t = 3*t + 5117. What are the prime factors of t?
7, 43
Let k be 0 + 74 + (3 - 3). Suppose 3*v - k = 2*l - 1, -2*v - 47 = l. Let r = 0 - l. List the prime factors of r.
41
Suppose 4*c - 300 = 168. Let y = 173 - c. What are the prime factors of y?
2, 7
Let j(f) = -f**3 - 9*f**2 - 12*f - 32. Let w be j(-8). Suppose w = -3*k - 5*b + 355, -k + 583 = 4*k + 4*b. What are the prime factors of k?
5, 23
Let f = -299 - -2228. List the prime factors of f.
3, 643
Suppose -2138 = -4*q + 2*q. List the prime factors of q.
1069
Let x be ((-375)/18 - 2/12) + -1. Let u(o) = -4*o - 9. Let a be u(8). Let q = x - a. List the prime factors of q.
19
Suppose 1744 = 4*v - 2*t, -v + 347 = -5*t - 98. List the prime factors of v.
3, 5, 29
Let f = 100 + -55. Suppose 13*g - f = 10*g. What are the prime factors of 744/g - (-12)/(-20)?
7
Let p(q) = -q**3 + 11*q**2 + 2*q + 13. Let c = 154 - 143. List the prime factors of p(c).
5, 7
Let j = 3297 + -1763. List the prime factors of j.
2, 13, 59
Let n = -34 + 34. Let m(g) = -g + 50. What are the prime factors of m(n)?
2, 5
Let s(t) = t**3 - 6*t**2 - 11*t. Let x(w) = -2*w**3 + 11*w**2 + 21*w - 1. Let j(p) = -5*s(p) - 3*x(p). What are the prime factors of j(6)?
3, 7
Let d(h) = 17*h**2 + 2*h + 23. List the prime factors of d(-3).
2, 5, 17
Suppose 2*r + 72 = 3*u + 17, -5*r = -u + 27. Suppose -4*f = -3*j - 17, -3*f - 3*j + u = -j. Let m(s) = s + 3. List the prime factors of m(f).
2
Suppose -w + 394 = a - 20, -3 = -3*w. What are the prime factors of a?
7, 59
Let a(q) = q**3 - q**2 - q - 2. Let c be a(2). Suppose 9*h + 0*h - 567 = c. What are the prime factors of h?
3, 7
Suppose 282 + 618 = 5*w. Suppose -5*l - 5*v - w = 0, -5*v - 28 - 116 = 4*l. Let p = 64 + l. What are the prime factors of p?
2, 7
Suppose 297*x + 2030 = 307*x. What are the prime factors of x?
7, 29
Let c = 707 + 583. What are the prime factors of c?
2, 3, 5, 43
Suppose -11*s + 9281 = 481. List the prime factors of s.
2, 5
Suppose 3*y + 0*h - 2862 = 2*h, 2*y + 4*h - 1908 = 0. List the prime factors of y.
2, 3, 53
What are the prime factors of (-1489)/(-1) - (-16 + 5 + 4)?
2, 11, 17
Let b(s) = 2*s**2 - 36*s - 24. Suppose 10*x - 100 = 110. What are the prime factors of b(x)?
2, 3, 17
List the prime factors of ((-6266)/4)/((-108)/216).
13, 241
List the prime factors of 214 - (1 + (-2)/2).
2, 107
Let z(n) = 6*n. Suppose 3*i + 1 = 10. Let k be z(i). What are the prime factors of (12/(-9))/((-3)/k)?
2
Let f be (28/12)/(2/12). Suppose 0 = -2*u - 3*w + f, u + 3*w - 22 = -3*u. Suppose 180 = u*p - 4*v, -5*p + 107 = -2*p + 4*v. List the prime factors of p.
41
Let t be 38/57 + 538/(-6). Let z = 142 + t. What are the prime factors of z?
53
Let v(u) = -9*u - 58. Let p be v(-8). Suppose -9*m + p*m - 1285 = 0. What are the prime factors of m?
257
Suppose 0 = -m + 2*y + 2, -2*m = 4*y - 1 - 3. Suppose -5*s + 4*h + 224 = 0, m*s = -s + 5*h + 124. List the prime factors of s.
2, 3
Let b(l) = -l - l + 0*l - 21. Let h be b(0). List the prime factors of -4 - (-3 + h) - 4.
2
Let q(c) = -c**2 - 5*c + 5. Let u be q(-5). Suppose -4*i = u + 19. Let o = 29 + i. List the prime factors of o.
23
Suppose 23*v = 20*v + 1710. What are the prime factors of v?
2, 3, 5, 19
Suppose -18*x + 16*x + 218 = 0. List the prime factors of x.
109
Suppose -62 = 2*x - b - 348, 0 = 5*x - b - 718. Let n = x + -95. What are the prime factors of n?
7
Let h(l) = 0*l**3 - 3*l - 50*l**2 + 3*l**3 + 59*l**2 - 2*l**3. List the prime factors of h(-6).
2, 3, 7
Suppose -p + 0*p = -173. Suppose 2*r + 47 - p = 0. What are the prime factors of r/14*(-2 + 4)?
3
Suppose -2*p - 3*l = -93 - 699, -l - 792 = -2*p. List the prime factors of p.
2, 3, 11
Let b(f) = f**2 + 4*f + 1. Let l be b(-3). Suppose 3*j - 5*y = 34, -7 = -0*j + j + 2*y. List the prime factors of (-3)/l + j/6.
2
Let d(u) = -u + 13. Let v be d(8). Suppose 0*x = -v*x + 20. Suppose -2*s = 3*p - s - 142, -5*s = x*p - 204. List the prime factors of p.
2, 23
Suppose -8570 + 226 = -7*w. List the prime factors of w.
2, 149
List the prime factors of (-10367)/(-14) - 8/(-16).
3, 13, 19
Let o(r) = 33*r**2 - r + 1. Suppose -3*w + 1 = -2. What are the prime factors of o(w)?
3, 11
What are the prime factors of (-490)/350 - (-31204)/10?
3119
Suppose 0*w - 12 = -3*w. Let m be w + (-1 + 7)/(-3). Suppose m = -5*b - 3*v + 42, 0 = 3*b + 3*v - 30. What are the prime factors of b?
5
Let p = 246 - -163. Suppose 3*u = -q - 3*q + 325, -5*q - u = -p. List the prime factors of q.
2, 41
Let r(f) be the third derivative of 0*f + 1/60*f**5 + 1/12*f**4 - 7/6*f**3 - 5*f**2 + 0. What are the prime factors of r(-5)?
2
Let j be (4/(-1) - -3)*5. Let n(r) = -46*r**2 + 3*r - 2. Let k(s) = -91*s**2 + 6*s - 4. Let o(d) = j*n(d) + 2*k(d). List the prime factors of o(1).
47
What are the prime factors of ((-9)/((-27)/102))/(2/8)?
2, 17
Suppose -36 = 8*k + 164. Let f = 59 + k. What are the prime factors of f?
2, 17
Suppose 5*b + b = 72. Suppose 0 = -3*i + 3 + b. Suppose -i*u - 80 = -9*u. What are the prime factors of u?
2, 5
What are the prime factors of 32/16 + 69*19?
13, 101
Suppose 0*f - 4*j = -f - 7, 0 = f + 2*j + 1. List the prime factors of (-182 + 0)/(5 + -4 + f).
7, 13
Let x = -230 + 246. What are the prime factors of x?
2
Let c be 2 - (18/24 - (-1275)/(-4)). Suppose -173 = -2*a + 3*z, 3*z = 3*a + 65 - c. What are the prime factors of a?
2, 41
Suppose 25*b - 8280 = 10*b. List the prime factors of b.
2, 3, 23
Suppose -19*k = 26*k - 13005. What are the prime factors of k?
17
Let w = -788 - -1237. What are the prime factors of w?
449
Let o be (-6)/18 + 13/3. Suppose -1 = -d + o. Suppose -75 = -5*l + d*w, -5*l - 9 = -2*w - 84. List the prime factors of l.
3, 5
What are the prime factors of 60/(-16)*(-54400)/75?
2, 5, 17
Suppose 0 = -2*t + 1 + 7. Suppose 55 = t*w - 5. List the prime factors of w.
3, 5
Let q(v) = -v**3 + 10*v**2 - 8*v + 16. Let z be ((-1 + 2)/1)/((-2)/(-16)). List the prime factors of q(z).
2, 5
Suppose 4*t = -2*k - 678, -t + 359 = -3*t - 5*k. Let q = -108 - t. What are the prime factors of q?
59
Let x be 2*1 + 102/6. Let h be (-10224)/(-63) - 2/7. Suppose -x*n = -17*n - h. List the prime factors of n.
3
Let d(l) = 1. Let v(k) = -58*k + 1. Let o(g) = d(g) + v(g). Let c be o(-1). Suppose 2*z - 39 = 3*j, 0*z - 4*j - c = -3*z. List the prime factors of z.
2, 3
Let z = -5 - -15. Suppose -z = -q - y + 89, q + 5*y = 119. List the prime factors of q.
2, 47
Suppose 2*f + 5*g = 437, -3*f + 8*f = 2*g + 1107. What are the prime factors of 2/13 + 29801/f?
3, 5
Let q(x) = 117*x**2 + 4*x + 1. Let y be q(-1). Let t = y 